{"id":10104,"date":"2025-10-23T09:33:56","date_gmt":"2025-10-23T07:33:56","guid":{"rendered":"https:\/\/antykilion.pl\/?post_type=product&#038;p=10104"},"modified":"2025-10-23T09:33:57","modified_gmt":"2025-10-23T07:33:57","slug":"obraz-przedstawia-portret-ulrica-von-ruela-namalowany-przez-jacoba-von-senvrigsa","status":"publish","type":"product","link":"https:\/\/antykilion.pl\/de\/product\/obraz-przedstawia-portret-ulrica-von-ruela-namalowany-przez-jacoba-von-senvrigsa\/","title":{"rendered":"Obraz przedstawia portret Ulrica von Ruela, namalowany przez Jacoba von Senvrigsa."},"content":{"rendered":"","protected":false},"excerpt":{"rendered":"<p>Jacob von Senvrigs XVII w, portret Ulricha Buola notowany !<\/p>\n<p>https:\/\/commons.wikimedia.org\/wiki\/File:Ulrich_Buol_Malix_Portr%C3%A4t_um_1600.jpg<\/p>\n<p>Obraz przedstawia portret Ulrica von Ruela, namalowany przez Jacoba von Senvrigsa.<\/p>\n<p>Obraz powsta\u0142 w XVII wieku.<br \/>\nPortret wykonano w technice malarstwa olejnego.<br \/>\nNa obrazie widoczny jest m\u0119\u017cczyzna w ciemnym stroju z bia\u0142ym ko\u0142nierzem, z zarostem i w\u0105sami.<br \/>\nPo lewej stronie obrazu znajduje si\u0119 napis: &#8220;VLRIC Ver. Ruel Bebest of pune here Fropatria Piero Cactus. Sepullus Malti&#8221;.<br \/>\nPo prawej stronie widnieje podpis artysty: &#8220;JACOB:ven senvrigs&#8221;.<\/p>\n<p>W 1561 roku w Tirano i w 1595 roku w Teglio pe\u0142ni\u0142 urz\u0105d podobnie jego bratem by\u0142 Paul Buol, kt\u00f3ry piastowa\u0142 to samo stanowisko w Valtellinie.<\/p>\n<p>Technik: \u00d6l auf Leinwand<\/p>\n<p>Zustand: sehr gut<\/p>\n<p>Unterschrift: auf dem Foto sichtbar<\/p>\n<p>Wymiary: p\u0142\u00f3tno 86 cm na 63 cm, z ram\u0105 to oko\u0142o\u00a0 100 cm\u00a0 na\u00a0 84 cm nowa pi\u0119kna rama.<\/p>\n<p>Pochodzenie: Europa Polska?<\/p>\n<p>Do ka\u017cdego przedmiotu Galeria wystawia certyfikat<\/p>\n<p>Okazja!!!<\/p>","protected":false},"featured_media":10105,"comment_status":"closed","ping_status":"closed","template":"","meta":[],"product_cat":[41,39,40],"product_tag":[],"class_list":{"0":"post-10104","1":"product","2":"type-product","3":"status-publish","4":"has-post-thumbnail","6":"product_cat-malarstwo-dawne","7":"product_cat-dziela-sztuki","8":"product_cat-malarstwo","10":"entry","11":"has-media","13":"first","14":"instock","15":"taxable","16":"shipping-taxable","17":"purchasable","18":"product-type-simple","19":"has-product-nav","20":"col","21":"span_1_of_3","22":"owp-content-center","23":"owp-thumbs-layout-horizontal","24":"owp-btn-normal","25":"owp-tabs-layout-horizontal"},"aioseo_notices":[],"_links":{"self":[{"href":"https:\/\/antykilion.pl\/de\/wp-json\/wp\/v2\/product\/10104","targetHints":{"allow":["GET"]}}],"collection":[{"href":"https:\/\/antykilion.pl\/de\/wp-json\/wp\/v2\/product"}],"about":[{"href":"https:\/\/antykilion.pl\/de\/wp-json\/wp\/v2\/types\/product"}],"replies":[{"embeddable":true,"href":"https:\/\/antykilion.pl\/de\/wp-json\/wp\/v2\/comments?post=10104"}],"wp:featuredmedia":[{"embeddable":true,"href":"https:\/\/antykilion.pl\/de\/wp-json\/wp\/v2\/media\/10105"}],"wp:attachment":[{"href":"https:\/\/antykilion.pl\/de\/wp-json\/wp\/v2\/media?parent=10104"}],"wp:term":[{"taxonomy":"product_cat","embeddable":true,"href":"https:\/\/antykilion.pl\/de\/wp-json\/wp\/v2\/product_cat?post=10104"},{"taxonomy":"product_tag","embeddable":true,"href":"https:\/\/antykilion.pl\/de\/wp-json\/wp\/v2\/product_tag?post=10104"}],"curies":[{"name":"wp","href":"https:\/\/api.w.org\/{rel}","templated":true}]}}

<p>Jacob von Senvrigs XVII w, portret Ulricha Buola notowany !</p>
<p>https://commons.wikimedia.org/wiki/File:Ulrich_Buol_Malix_Portr%C3%A4t_um_1600.jpg</p>
<p>Obraz przedstawia portret Ulrica von Ruela, namalowany przez Jacoba von Senvrigsa.</p>
<p>Obraz powstał w XVII wieku.<br />
Portret wykonano w technice malarstwa olejnego.<br />
Na obrazie widoczny jest mężczyzna w ciemnym stroju z białym kołnierzem, z zarostem i wąsami.<br />
Po lewej stronie obrazu znajduje się napis: &#8220;VLRIC Ver. Ruel Bebest of pune here Fropatria Piero Cactus. Sepullus Malti&#8221;.<br />
Po prawej stronie widnieje podpis artysty: &#8220;JACOB:ven senvrigs&#8221;.</p>
<p>W 1561 roku w Tirano i w 1595 roku w Teglio pełnił urząd podobnie jego bratem był Paul Buol, który piastował to samo stanowisko w Valtellinie.</p>
<p>Technik: Öl auf Leinwand</p>
<p>Zustand: sehr gut</p>
<p>Unterschrift: auf dem Foto sichtbar</p>
<p>Wymiary: płótno 86 cm na 63 cm, z ramą to około  100 cm  na  84 cm nowa piękna rama.</p>
<p>Pochodzenie: Europa Polska?</p>
<p>Do każdego przedmiotu Galeria wystawia certyfikat</p>
<p>Okazja!!!</p>
