{"id":7175,"date":"2023-07-01T11:49:34","date_gmt":"2023-07-01T09:49:34","guid":{"rendered":"https:\/\/antykilion.pl\/?post_type=product&#038;p=7175"},"modified":"2026-04-09T09:38:07","modified_gmt":"2026-04-09T07:38:07","slug":"jean-baptiste-monnoyer-xvii-w-kwiaty-w-wazonie","status":"publish","type":"product","link":"https:\/\/antykilion.pl\/en\/product\/jean-baptiste-monnoyer-xvii-w-kwiaty-w-wazonie\/","title":{"rendered":"Jean-Baptiste Monnoyer XVII w Kwiaty w wazonie !!!"},"content":{"rendered":"","protected":false},"excerpt":{"rendered":"<p>Jean-Baptiste Monnoyer XVII w Kwiaty w wazonie !!! ob\u0142\u0119dne\u00a0 okazja!!!<\/p>\n<p>Prace tego artysty sprzedaj\u0105 si\u0119 nawet za 200 000 z\u0142<\/p>\n<p>Jean-Baptiste Monnoyer (ur. 12 stycznia 1636 w Lille, zm. 20 lutego 1699 w Londynie) \u2013 francuski malarz kwiat\u00f3w okresu baroku.<\/p>\n<p>Uczy\u0142 si\u0119 Antwerpii. W 1665 zosta\u0142 cz\u0142onkiem Akademii Kr\u00f3lewskiej Malarstwa i Rze\u017aby. Wykona\u0142 dekoracje w wielu pa\u0142acach magnackich (m.in. w Vaux-le-Vicomte) oraz rezydencjach kr\u00f3lewskiech (m.in. w Wersalu). W 1685 uda\u0142 si\u0119 do Anglii, gdzie pozosta\u0142 do ko\u0144ca \u017cycia.<\/p>\n<p>Jego kompozycje kwiatowe wykazuj\u0105 wp\u0142ywy sztuki flamandzkiej (g\u0142\u00f3wnie Rubensa).<\/p>\n<p>Malarzami byli jego dwaj synowie: Antoine Monnoyer i Baptiste Monnoyer.<\/p>\n<p>Wybrane dzie\u0142a<br \/>\nBukiet kwiat\u00f3w \u2013 Marsylia, Mus\u00e9e des Beaux-Arts,<br \/>\nKosz kwiat\u00f3w \u2013 Madryt, Muzeum Thyssen-Bornemisza,<br \/>\nKosz kwiat\u00f3w \u2013 Wersal, Mus\u00e9e National du Ch\u00e2teau,<br \/>\nKwiaty \u2013 Salzburg, Rezidenzgalerie,<br \/>\nMaki, peonie i inne kwiaty \u2013 Warszawa, Muzeum Kolekcji im. Jana Paw\u0142a II,<br \/>\nMartwa natura z kwiatami i owocami (1665) \u2013 Montpellier, Mus\u00e9e Fabre,<br \/>\nOwoce i kwiaty \u2013 St. Petersburg, Ermita\u017c,<br \/>\nWazon z kwiatami \u2013 Lille, Mus\u00e9e des Beaux-Arts,<br \/>\nZ\u0142ota waza z kwiatami i papugami \u2013 Lille, Mus\u00e9e des Beaux-Arts.<\/p>\n<p>Technique: oil on canvas<\/p>\n<p>Stan: bardzo dobry, po oczyszczeniu i \u015bwie\u017cym werniksie<\/p>\n<p>Sygnatura:Jean-Baptiste Monnoyer sygnatura zamazana i bardzo s\u0142abo widoczna ( patrz zdj\u0119cie)<\/p>\n<p>Wymiary:\u00a0 p\u0142\u00f3tno 70 cm na 50 cm z ram\u0105\u00a0 101 cm na 86 cm ob\u0142\u0119dny!!!<\/p>\n<p>Do ka\u017cdego przedmiotu Galeria wystawia certyfikat.<\/p>","protected":false},"featured_media":10961,"comment_status":"closed","ping_status":"closed","template":"","meta":[],"product_cat":[41,39,40],"product_tag":[],"class_list":{"0":"post-7175","1":"product","2":"type-product","3":"status-publish","4":"has-post-thumbnail","6":"product_cat-malarstwo-dawne","7":"product_cat-dziela-sztuki","8":"product_cat-malarstwo","10":"entry","11":"has-media","13":"first","14":"instock","15":"taxable","16":"shipping-taxable","17":"purchasable","18":"product-type-simple","19":"has-product-nav","20":"col","21":"span_1_of_3","22":"owp-content-center","23":"owp-thumbs-layout-horizontal","24":"owp-btn-normal","25":"owp-tabs-layout-horizontal"},"aioseo_notices":[],"_links":{"self":[{"href":"https:\/\/antykilion.pl\/en\/wp-json\/wp\/v2\/product\/7175","targetHints":{"allow":["GET"]}}],"collection":[{"href":"https:\/\/antykilion.pl\/en\/wp-json\/wp\/v2\/product"}],"about":[{"href":"https:\/\/antykilion.pl\/en\/wp-json\/wp\/v2\/types\/product"}],"replies":[{"embeddable":true,"href":"https:\/\/antykilion.pl\/en\/wp-json\/wp\/v2\/comments?post=7175"}],"wp:featuredmedia":[{"embeddable":true,"href":"https:\/\/antykilion.pl\/en\/wp-json\/wp\/v2\/media\/10961"}],"wp:attachment":[{"href":"https:\/\/antykilion.pl\/en\/wp-json\/wp\/v2\/media?parent=7175"}],"wp:term":[{"taxonomy":"product_cat","embeddable":true,"href":"https:\/\/antykilion.pl\/en\/wp-json\/wp\/v2\/product_cat?post=7175"},{"taxonomy":"product_tag","embeddable":true,"href":"https:\/\/antykilion.pl\/en\/wp-json\/wp\/v2\/product_tag?post=7175"}],"curies":[{"name":"wp","href":"https:\/\/api.w.org\/{rel}","templated":true}]}}

<p>Jean-Baptiste Monnoyer XVII w Kwiaty w wazonie !!! obłędne  okazja!!!</p>
<p>Prace tego artysty sprzedają się nawet za 200 000 zł</p>
<p>Jean-Baptiste Monnoyer (ur. 12 stycznia 1636 w Lille, zm. 20 lutego 1699 w Londynie) – francuski malarz kwiatów okresu baroku.</p>
<p>Uczył się Antwerpii. W 1665 został członkiem Akademii Królewskiej Malarstwa i Rzeźby. Wykonał dekoracje w wielu pałacach magnackich (m.in. w Vaux-le-Vicomte) oraz rezydencjach królewskiech (m.in. w Wersalu). W 1685 udał się do Anglii, gdzie pozostał do końca życia.</p>
<p>Jego kompozycje kwiatowe wykazują wpływy sztuki flamandzkiej (głównie Rubensa).</p>
<p>Malarzami byli jego dwaj synowie: Antoine Monnoyer i Baptiste Monnoyer.</p>
<p>Wybrane dzieła<br />
Bukiet kwiatów – Marsylia, Musée des Beaux-Arts,<br />
Kosz kwiatów – Madryt, Muzeum Thyssen-Bornemisza,<br />
Kosz kwiatów – Wersal, Musée National du Château,<br />
Kwiaty – Salzburg, Rezidenzgalerie,<br />
Maki, peonie i inne kwiaty – Warszawa, Muzeum Kolekcji im. Jana Pawła II,<br />
Martwa natura z kwiatami i owocami (1665) – Montpellier, Musée Fabre,<br />
Owoce i kwiaty – St. Petersburg, Ermitaż,<br />
Wazon z kwiatami – Lille, Musée des Beaux-Arts,<br />
Złota waza z kwiatami i papugami – Lille, Musée des Beaux-Arts.</p>
<p>Technique: oil on canvas</p>
<p>Stan: bardzo dobry, po oczyszczeniu i świeżym werniksie</p>
<p>Sygnatura:Jean-Baptiste Monnoyer sygnatura zamazana i bardzo słabo widoczna ( patrz zdjęcie)</p>
<p>Wymiary:  płótno 70 cm na 50 cm z ramą  101 cm na 86 cm obłędny!!!</p>
<p>Do każdego przedmiotu Galeria wystawia certyfikat.</p>
