{"id":9814,"date":"2025-09-14T17:44:38","date_gmt":"2025-09-14T15:44:38","guid":{"rendered":"https:\/\/antykilion.pl\/?post_type=product&#038;p=9814"},"modified":"2025-09-16T11:17:31","modified_gmt":"2025-09-16T09:17:31","slug":"wladyslaw-bakalowicz-dziewczyna-z-ksiazka-xix-w-przyp","status":"publish","type":"product","link":"https:\/\/antykilion.pl\/en\/product\/wladyslaw-bakalowicz-dziewczyna-z-ksiazka-xix-w-przyp\/","title":{"rendered":"W\u0142adys\u0142aw Baka\u0142owicz dziewczyna z ksi\u0105\u017ck\u0105 XIX w przyp"},"content":{"rendered":"","protected":false},"excerpt":{"rendered":"<p>Gallery Antiques and Lion Art<\/p>\n<p>W\u0142adys\u0142aw Baka\u0142owicz dziewczyna z ksi\u0105\u017ck\u0105 XIX w przyp<\/p>\n<p>Technique: oil on canvas<\/p>\n<p>Very good condition<\/p>\n<p>Jedno z zdj\u0119\u0107 przed konserwacj\u0105 oraz zdj\u0119cie z pod\u015bwietlenia lamp\u0105 UV w miejscu zamazania prawy dolny r\u00f3g<\/p>\n<p>Sygnatura: brak sygnatury na jednym z zdj\u0119\u0107 wida\u0107 obrazu przed konserwacj\u0105 wida\u0107 \u017ce miejsce sygnatury jest zamazane ewidentnie kto\u015b to kiedy\u015b zamaza\u0142 dlaczego ? Ewidentnie praca artysty i to bardzo dobra<\/p>\n<p>Wymiary: p\u0142\u00f3tna 46,5 x 61,5 cm + rama 67 cm na 83 cm  na blejtramie piecz\u0119\u0107 Paryska\u00a0<\/p>\n<p>Below, information about the artist.<\/p>\n<p>W\u0142adys\u0142aw Baka\u0142owicz\u00a0(ur. 28 maja\u00a01833\u00a0w\u00a0Chrzanowie, zm. 15 listopada\u00a01904\u00a0w\u00a0Pary\u017cu) \u2013\u00a0malarz rodzajowy\u00a0i portrecista.<\/p>\n<p>W latach 1846\u20131852 kszta\u0142ci\u0142 si\u0119 w\u00a0warszawskiej Szkole Sztuk Pi\u0119knych[1]. W 1863 roku wyjecha\u0142 do Pary\u017ca, gdzie zyska\u0142 powodzenie maluj\u0105c niewielkie obrazki odtwarzaj\u0105ce postacie w strojach XVI-XVII-wiecznych, zw\u0142aszcza sceny z \u017cycia dworu francuskiego za panowania\u00a0Henryka II Walezjusza. Otrzyma\u0142 p\u00f3\u017aniej obywatelstwo francuskie i przyj\u0105\u0142 nazwisko Ladislav Bakalowicz[2].<\/p>\n<p>Pocz\u0105tkowo malowa\u0142\u00a0portrety\u00a0pastelowe, p\u00f3\u017aniej zajmowa\u0142 si\u0119 malarstwem historycznym i rodzajowym, wystawiaj\u0105c swe prace w\u00a0Salonach paryskich. Swoj\u0105 tw\u00f3rczo\u015b\u0107 prezentowa\u0142 tak\u017ce w Brukseli, Berlinie, Wiedniu, Londynie i Nowym Jorku oraz w kraju: w Warszawie, Krakowie i Lwowie.<\/p>\n<p>Jego \u017con\u0105 by\u0142a aktorka\u00a0Wiktoryna J\u00f3zefa Baka\u0142owicz, z kt\u00f3r\u0105 mia\u0142 syna\u00a0Stefana Aleksandra, p\u00f3\u017aniej zajmuj\u0105cego si\u0119\u00a0malarstwem akademickim.<\/p>\n<p>Do ka\u017cdego przedmiotu Galeria wystawia certyfikat.<\/p>\n<p>cena bardzo atrakcyjna\u00a0 !!!!<\/p>","protected":false},"featured_media":9815,"comment_status":"closed","ping_status":"closed","template":"","meta":[],"product_cat":[41,39,40],"product_tag":[],"class_list":{"0":"post-9814","1":"product","2":"type-product","3":"status-publish","4":"has-post-thumbnail","6":"product_cat-malarstwo-dawne","7":"product_cat-dziela-sztuki","8":"product_cat-malarstwo","10":"entry","11":"has-media","13":"first","14":"instock","15":"taxable","16":"shipping-taxable","17":"purchasable","18":"product-type-simple","19":"has-product-nav","20":"col","21":"span_1_of_3","22":"owp-content-center","23":"owp-thumbs-layout-horizontal","24":"owp-btn-normal","25":"owp-tabs-layout-horizontal"},"aioseo_notices":[],"_links":{"self":[{"href":"https:\/\/antykilion.pl\/en\/wp-json\/wp\/v2\/product\/9814","targetHints":{"allow":["GET"]}}],"collection":[{"href":"https:\/\/antykilion.pl\/en\/wp-json\/wp\/v2\/product"}],"about":[{"href":"https:\/\/antykilion.pl\/en\/wp-json\/wp\/v2\/types\/product"}],"replies":[{"embeddable":true,"href":"https:\/\/antykilion.pl\/en\/wp-json\/wp\/v2\/comments?post=9814"}],"wp:featuredmedia":[{"embeddable":true,"href":"https:\/\/antykilion.pl\/en\/wp-json\/wp\/v2\/media\/9815"}],"wp:attachment":[{"href":"https:\/\/antykilion.pl\/en\/wp-json\/wp\/v2\/media?parent=9814"}],"wp:term":[{"taxonomy":"product_cat","embeddable":true,"href":"https:\/\/antykilion.pl\/en\/wp-json\/wp\/v2\/product_cat?post=9814"},{"taxonomy":"product_tag","embeddable":true,"href":"https:\/\/antykilion.pl\/en\/wp-json\/wp\/v2\/product_tag?post=9814"}],"curies":[{"name":"wp","href":"https:\/\/api.w.org\/{rel}","templated":true}]}}

Władysław Bakałowicz dziewczyna z książką XIX w przyp

<p>Gallery Antiques and Lion Art</p>
<p>Władysław Bakałowicz dziewczyna z książką XIX w przyp</p>
<p>Technique: oil on canvas</p>
<p>Very good condition</p>
<p>Jedno z zdjęć przed konserwacją oraz zdjęcie z podświetlenia lampą UV w miejscu zamazania prawy dolny róg</p>
<p>Sygnatura: brak sygnatury na jednym z zdjęć widać obrazu przed konserwacją widać że miejsce sygnatury jest zamazane ewidentnie ktoś to kiedyś zamazał dlaczego ? Ewidentnie praca artysty i to bardzo dobra</p>
<p>Wymiary: płótna 46,5 x 61,5 cm + rama 67 cm na 83 cm  na blejtramie pieczęć Paryska </p>
<p>Below, information about the artist.</p>
<p>Władysław Bakałowicz (ur. 28 maja 1833 w Chrzanowie, zm. 15 listopada 1904 w Paryżu) – malarz rodzajowy i portrecista.</p>
<p>W latach 1846–1852 kształcił się w warszawskiej Szkole Sztuk Pięknych[1]. W 1863 roku wyjechał do Paryża, gdzie zyskał powodzenie malując niewielkie obrazki odtwarzające postacie w strojach XVI-XVII-wiecznych, zwłaszcza sceny z życia dworu francuskiego za panowania Henryka II Walezjusza. Otrzymał później obywatelstwo francuskie i przyjął nazwisko Ladislav Bakalowicz[2].</p>
<p>Początkowo malował portrety pastelowe, później zajmował się malarstwem historycznym i rodzajowym, wystawiając swe prace w Salonach paryskich. Swoją twórczość prezentował także w Brukseli, Berlinie, Wiedniu, Londynie i Nowym Jorku oraz w kraju: w Warszawie, Krakowie i Lwowie.</p>
<p>Jego żoną była aktorka Wiktoryna Józefa Bakałowicz, z którą miał syna Stefana Aleksandra, później zajmującego się malarstwem akademickim.</p>
<p>Do każdego przedmiotu Galeria wystawia certyfikat.</p>
<p>cena bardzo atrakcyjna  !!!!</p>
