{"id":6042,"date":"2022-10-02T14:41:30","date_gmt":"2022-10-02T12:41:30","guid":{"rendered":"https:\/\/antykilion.pl\/?post_type=product&#038;p=6042"},"modified":"2024-12-14T18:29:58","modified_gmt":"2024-12-14T17:29:58","slug":"salon-w-stylu-ludwika-xvi-xix-wiek-okolo-1870-r","status":"publish","type":"product","link":"https:\/\/antykilion.pl\/it\/product\/salon-w-stylu-ludwika-xvi-xix-wiek-okolo-1870-r\/","title":{"rendered":"Salon w stylu ludwika XVI, XIX wiek oko\u0142o 1870 r"},"content":{"rendered":"","protected":false},"excerpt":{"rendered":"<p>Salon w stylu ludwika XVI, XIX wiek oko\u0142o 1870 r<\/p>\n<p>Komplet z\u0142o\u017cony z kanapy, dw\u00f3ch foteli i dw\u00f3ch krzese\u0142, rze\u017abionych, dekorowanych ornamentami klasycystycznymi, poz\u0142acanych, wspartych na czterech n\u00f3\u017ckach, toczonych spiralnie. Kanapa (poziome) i fotele i krzes\u0142a (pionowe) z owalnymi oparciami, zwie\u0144czonymi kwiatami. Por\u0119cze z pod\u0142okietnikami,<\/p>\n<p>Mebel ze wzgl\u0119du na swoj\u0105 du\u017c\u0105 dekoracyjno\u015b\u0107 za pewne by\u0142 cz\u0119\u015bci\u0105 wystroju pa\u0142acowego<\/p>\n<p>Pochodzenie: Europa \u015brodkowa Francja<\/p>\n<p>Materia\u0142: Buk Lub orzech z\u0142ocony.<\/p>\n<p>Stan: orginalny dobry meble bardzo stabilne bez zwichrowa\u0144, drobne ubytki i przetarcia z\u0142oce\u0144, tapicerka orginalna z epoki lecz pewnie wymaga wymiany<\/p>\n<p>wymiary: Wysoko\u015b\u0107 100 cm, szeroko\u015b\u0107\u00a0 sofa oko\u0142o 135 cm, G\u0142\u0119boko\u015b\u0107 oko\u0142o 60 cm<\/p>\n<p>Ceny takich salonik\u00f3w kszta\u0142tuj\u0105 si\u0119 nawet w okolicach 5000- 6000 euro<\/p>","protected":false},"featured_media":6043,"comment_status":"closed","ping_status":"closed","template":"","meta":[],"product_cat":[24,28,17,32,38],"product_tag":[],"class_list":{"0":"post-6042","1":"product","2":"type-product","3":"status-publish","4":"has-post-thumbnail","6":"product_cat-fotele","7":"product_cat-krzesla","8":"product_cat-meble","9":"product_cat-sofy","10":"product_cat-zestawy-mebli","12":"entry","13":"has-media","15":"first","16":"instock","17":"taxable","18":"shipping-taxable","19":"purchasable","20":"product-type-simple","21":"has-product-nav","22":"col","23":"span_1_of_3","24":"owp-content-center","25":"owp-thumbs-layout-horizontal","26":"owp-btn-normal","27":"owp-tabs-layout-horizontal"},"aioseo_notices":[],"_links":{"self":[{"href":"https:\/\/antykilion.pl\/it\/wp-json\/wp\/v2\/product\/6042","targetHints":{"allow":["GET"]}}],"collection":[{"href":"https:\/\/antykilion.pl\/it\/wp-json\/wp\/v2\/product"}],"about":[{"href":"https:\/\/antykilion.pl\/it\/wp-json\/wp\/v2\/types\/product"}],"replies":[{"embeddable":true,"href":"https:\/\/antykilion.pl\/it\/wp-json\/wp\/v2\/comments?post=6042"}],"wp:featuredmedia":[{"embeddable":true,"href":"https:\/\/antykilion.pl\/it\/wp-json\/wp\/v2\/media\/6043"}],"wp:attachment":[{"href":"https:\/\/antykilion.pl\/it\/wp-json\/wp\/v2\/media?parent=6042"}],"wp:term":[{"taxonomy":"product_cat","embeddable":true,"href":"https:\/\/antykilion.pl\/it\/wp-json\/wp\/v2\/product_cat?post=6042"},{"taxonomy":"product_tag","embeddable":true,"href":"https:\/\/antykilion.pl\/it\/wp-json\/wp\/v2\/product_tag?post=6042"}],"curies":[{"name":"wp","href":"https:\/\/api.w.org\/{rel}","templated":true}]}}

Salon w stylu ludwika XVI, XIX wiek około 1870 r

<p>Salon w stylu ludwika XVI, XIX wiek około 1870 r</p>
<p>Komplet złożony z kanapy, dwóch foteli i dwóch krzeseł, rzeźbionych, dekorowanych ornamentami klasycystycznymi, pozłacanych, wspartych na czterech nóżkach, toczonych spiralnie. Kanapa (poziome) i fotele i krzesła (pionowe) z owalnymi oparciami, zwieńczonymi kwiatami. Poręcze z podłokietnikami,</p>
<p>Mebel ze względu na swoją dużą dekoracyjność za pewne był częścią wystroju pałacowego</p>
<p>Pochodzenie: Europa środkowa Francja</p>
<p>Materiał: Buk Lub orzech złocony.</p>
<p>Stan: orginalny dobry meble bardzo stabilne bez zwichrowań, drobne ubytki i przetarcia złoceń, tapicerka orginalna z epoki lecz pewnie wymaga wymiany</p>
<p>wymiary: Wysokość 100 cm, szerokość  sofa około 135 cm, Głębokość około 60 cm</p>
<p>Ceny takich saloników kształtują się nawet w okolicach 5000- 6000 euro</p>
