{"id":8139,"date":"2024-04-28T15:14:25","date_gmt":"2024-04-28T13:14:25","guid":{"rendered":"https:\/\/antykilion.pl\/?post_type=product&#038;p=8139"},"modified":"2024-04-28T15:14:25","modified_gmt":"2024-04-28T13:14:25","slug":"claude-lorrain-french-1604-1682-malowniczy-widok-atrybucja","status":"publish","type":"product","link":"https:\/\/antykilion.pl\/it\/product\/claude-lorrain-french-1604-1682-malowniczy-widok-atrybucja\/","title":{"rendered":"Claude Lorrain\u00a0French, 1604 \u2013 1682 Malowniczy widok atrybucja !!!"},"content":{"rendered":"","protected":false},"excerpt":{"rendered":"<p>Claude Lorrain\u00a0French, 1604 \u2013 1682 Malowniczy widok atrybucja !!!<br \/>\nRomantyczny, malowniczy widok w g\u0142\u0119bi z centralnym motywem drzewa, dekoracjami architektonicznymi i ma\u0142ym wodospadem na pierwszym planie. \u017badna posta\u0107 nie kwestionuje pierwsze\u0144stwa natury jako przedmiotu malarskiego.<\/p>\n<p>Claude Lorrain urodzi\u0142 si\u0119 we francuskiej wiosce Szampania i w m\u0142odym wieku uda\u0142 si\u0119 do Rzymu; tutaj by\u0107 mo\u017ce odby\u0142 swoj\u0105 pierwsz\u0105 praktyk\u0119 w warsztacie Agostino Tassi, w\u015br\u00f3d czo\u0142owych malarzy pejza\u017cyst\u00f3w tamtego okresu. Uwa\u017ca si\u0119, \u017ce sp\u0119dzi\u0142 tak\u017ce dwa lata w Neapolu z Goffredo Walsem, uczniem Tassi. Claude przyswoi\u0142 sobie ich s\u0142ownictwo obrazkowe i lekcje z perspektywy, co da\u0142o mu wiedz\u0119 o elementach malarstwa pejza\u017cowego. Ze wzgl\u0119du na kosmopolityczne \u015brodowisko, w kt\u00f3rym si\u0119 uczy\u0142, wczesne prace Claude\u2019a cz\u0119sto ukazuj\u0105 malownicze widoki w\u0142oskiej wsi z wp\u0142ywami p\u00f3\u0142nocnymi, jak ma to miejsce w przypadku niniejszego obrazu. Tutaj pag\u00f3rkowaty krajobraz i spokojna rzeka tworz\u0105 animowan\u0105 scen\u0119 na pierwszym planie, z postaciami \u0142aduj\u0105cymi drewno na \u0142\u00f3d\u017a. Zapracowani bohaterowie obrazu przywodz\u0105 na my\u015bl flamandzkie malarstwo pejza\u017cowe. Postacie maj\u0105 na sobie wsp\u00f3\u0142czesne ubrania; w p\u00f3\u017aniejszych pracach Claude\u2019a element ten b\u0119dzie stopniowo zanika\u0142, a jego postacie cz\u0119sto b\u0119d\u0105 ukazywane w klasycznych strojach. W kompozycji obecnego obrazu nawi\u0105zuje si\u0119 tak\u017ce do schematu powracaj\u0105cego we wcze\u015bniejszych realizacjach artysty: ciemna masa ro\u015blinno\u015bci po lewej stronie zestawiona jest z jasnym widokiem odleg\u0142ej architektury po prawej stronie. Generuje to kontrast pomi\u0119dzy intensywnym \u015bwiat\u0142em w tle i lirycznym cieniem na pierwszym planie, uzyskuj\u0105c natychmiastowe poczucie g\u0142\u0119bi poprzez czysto atmosferyczne elementy. Kontrast harmonizuje ciep\u0142e, z\u0142ote \u015bwiat\u0142o przebijaj\u0105ce si\u0119 przez li\u015bcie drzew, a delikatny blask jest dodatkowo wzmocniony przez w\u0142a\u015bciwo\u015bci materia\u0142owe miedzianego panelu, na kt\u00f3rym namalowano t\u0119 prac\u0119.<\/p>\n<p>Historyk Filippo Baldinucci (ok. 1624\u20131696) opisa\u0142 sukces dzie\u0142a Claude&#8217;a jako wynik jego umiej\u0119tno\u015bci w przedstawianiu \u201etych warunk\u00f3w przyrody, kt\u00f3re tworz\u0105 widoki s\u0142o\u0144ca, szczeg\u00f3lnie na wodzie morskiej i nad rzekami o \u015bwicie i wieczorem\u201d (patrz F Baldinucci, Notizie de&#8217; Professori del Disegno, 1681, s. 355): niniejsza tablica jest znacz\u0105cym przyk\u0142adem takiego mistrzostwa w przedstawianiu \u015bwiat\u0142a.<\/p>\n<p>Bardzo malowniczy i dekoracyjny obraz !<\/p>\n<p>Claude Lorrain &#8211; Pejza\u017c z pasterzami &#8211; 186694 MNW &#8211; Muzeum Narodowe w Warszawie.jpg<\/p>\n<p>Ogromna rzadko\u015b\u0107 !!!<\/p>\n<p>Okazja !!!<\/p>\n<p>Tecnica: olio su tela<\/p>\n<p>Stan: bardzo dobry, po dawnej konserwacji p\u0142\u00f3tno naklejone na sklejk\u0119<\/p>\n<p>Sygnatura: nie znaleziono, obraz sprawdzony i oceniany przez kilku historyk\u00f3w sztuki, sztuczna inteligencja\u00a0\u00a0 wskazuje w 100 % na prac\u0119<\/p>\n<p>Claude Lorrain\u00a0French<\/p>\n<p>Obraz posiada ekspertyz\u0119 Hermanna P. Locknera, eksperta mianowanego publicznie i zaprzysi\u0119\u017conego, W\u00fcrzburg 1976 * , ale b\u0142\u0119dnie zosta\u0142 oceniony\u00a0jako malarstwo w\u0142oskie, dzisiejsze czasy pozwalaj\u0105 na dok\u0142adniejsze przypisanie pracy.Obraz zakupiony na\u00a0 Aukcji w Bergmann. Pochodzenie: Od 1976 roku w\u0142asno\u015b\u0107 prywatna.<\/p>\n<p>Wymiary:\u00a0 p\u0142\u00f3tno 104 cm na 81 cm z ram\u0105 118 cm na 96 cm<\/p>\n<p>Do ka\u017cdego przedmiotu Galeria wystawia certyfikat.<\/p>","protected":false},"featured_media":8140,"comment_status":"closed","ping_status":"closed","template":"","meta":[],"product_cat":[41,39,40],"product_tag":[],"class_list":{"0":"post-8139","1":"product","2":"type-product","3":"status-publish","4":"has-post-thumbnail","6":"product_cat-malarstwo-dawne","7":"product_cat-dziela-sztuki","8":"product_cat-malarstwo","10":"entry","11":"has-media","13":"first","14":"instock","15":"taxable","16":"shipping-taxable","17":"purchasable","18":"product-type-simple","19":"has-product-nav","20":"col","21":"span_1_of_3","22":"owp-content-center","23":"owp-thumbs-layout-horizontal","24":"owp-btn-normal","25":"owp-tabs-layout-horizontal"},"aioseo_notices":[],"_links":{"self":[{"href":"https:\/\/antykilion.pl\/it\/wp-json\/wp\/v2\/product\/8139","targetHints":{"allow":["GET"]}}],"collection":[{"href":"https:\/\/antykilion.pl\/it\/wp-json\/wp\/v2\/product"}],"about":[{"href":"https:\/\/antykilion.pl\/it\/wp-json\/wp\/v2\/types\/product"}],"replies":[{"embeddable":true,"href":"https:\/\/antykilion.pl\/it\/wp-json\/wp\/v2\/comments?post=8139"}],"wp:featuredmedia":[{"embeddable":true,"href":"https:\/\/antykilion.pl\/it\/wp-json\/wp\/v2\/media\/8140"}],"wp:attachment":[{"href":"https:\/\/antykilion.pl\/it\/wp-json\/wp\/v2\/media?parent=8139"}],"wp:term":[{"taxonomy":"product_cat","embeddable":true,"href":"https:\/\/antykilion.pl\/it\/wp-json\/wp\/v2\/product_cat?post=8139"},{"taxonomy":"product_tag","embeddable":true,"href":"https:\/\/antykilion.pl\/it\/wp-json\/wp\/v2\/product_tag?post=8139"}],"curies":[{"name":"wp","href":"https:\/\/api.w.org\/{rel}","templated":true}]}}

<p>Claude Lorrain French, 1604 – 1682 Malowniczy widok atrybucja !!!<br />
Romantyczny, malowniczy widok w głębi z centralnym motywem drzewa, dekoracjami architektonicznymi i małym wodospadem na pierwszym planie. Żadna postać nie kwestionuje pierwszeństwa natury jako przedmiotu malarskiego.</p>
<p>Claude Lorrain urodził się we francuskiej wiosce Szampania i w młodym wieku udał się do Rzymu; tutaj być może odbył swoją pierwszą praktykę w warsztacie Agostino Tassi, wśród czołowych malarzy pejzażystów tamtego okresu. Uważa się, że spędził także dwa lata w Neapolu z Goffredo Walsem, uczniem Tassi. Claude przyswoił sobie ich słownictwo obrazkowe i lekcje z perspektywy, co dało mu wiedzę o elementach malarstwa pejzażowego. Ze względu na kosmopolityczne środowisko, w którym się uczył, wczesne prace Claude’a często ukazują malownicze widoki włoskiej wsi z wpływami północnymi, jak ma to miejsce w przypadku niniejszego obrazu. Tutaj pagórkowaty krajobraz i spokojna rzeka tworzą animowaną scenę na pierwszym planie, z postaciami ładującymi drewno na łódź. Zapracowani bohaterowie obrazu przywodzą na myśl flamandzkie malarstwo pejzażowe. Postacie mają na sobie współczesne ubrania; w późniejszych pracach Claude’a element ten będzie stopniowo zanikał, a jego postacie często będą ukazywane w klasycznych strojach. W kompozycji obecnego obrazu nawiązuje się także do schematu powracającego we wcześniejszych realizacjach artysty: ciemna masa roślinności po lewej stronie zestawiona jest z jasnym widokiem odległej architektury po prawej stronie. Generuje to kontrast pomiędzy intensywnym światłem w tle i lirycznym cieniem na pierwszym planie, uzyskując natychmiastowe poczucie głębi poprzez czysto atmosferyczne elementy. Kontrast harmonizuje ciepłe, złote światło przebijające się przez liście drzew, a delikatny blask jest dodatkowo wzmocniony przez właściwości materiałowe miedzianego panelu, na którym namalowano tę pracę.</p>
<p>Historyk Filippo Baldinucci (ok. 1624–1696) opisał sukces dzieła Claude&#8217;a jako wynik jego umiejętności w przedstawianiu „tych warunków przyrody, które tworzą widoki słońca, szczególnie na wodzie morskiej i nad rzekami o świcie i wieczorem” (patrz F Baldinucci, Notizie de&#8217; Professori del Disegno, 1681, s. 355): niniejsza tablica jest znaczącym przykładem takiego mistrzostwa w przedstawianiu światła.</p>
<p>Bardzo malowniczy i dekoracyjny obraz !</p>
<p>Claude Lorrain &#8211; Pejzaż z pasterzami &#8211; 186694 MNW &#8211; Muzeum Narodowe w Warszawie.jpg</p>
<p>Ogromna rzadkość !!!</p>
<p>Okazja !!!</p>
<p>Tecnica: olio su tela</p>
<p>Stan: bardzo dobry, po dawnej konserwacji płótno naklejone na sklejkę</p>
<p>Sygnatura: nie znaleziono, obraz sprawdzony i oceniany przez kilku historyków sztuki, sztuczna inteligencja   wskazuje w 100 % na pracę</p>
<p>Claude Lorrain French</p>
<p>Obraz posiada ekspertyzę Hermanna P. Locknera, eksperta mianowanego publicznie i zaprzysiężonego, Würzburg 1976 * , ale błędnie został oceniony jako malarstwo włoskie, dzisiejsze czasy pozwalają na dokładniejsze przypisanie pracy.Obraz zakupiony na  Aukcji w Bergmann. Pochodzenie: Od 1976 roku własność prywatna.</p>
<p>Wymiary:  płótno 104 cm na 81 cm z ramą 118 cm na 96 cm</p>
<p>Do każdego przedmiotu Galeria wystawia certyfikat.</p>
